
Let l be 1 - (-8 - -1) - (-3 + 3). Let r = l - -74. What are the prime factors of r?
2, 41
Let w be -7 + (6 - 2) - -28. Let i = 28 - w. Suppose 2*r + 4 = i*r. List the prime factors of r.
2
Let g(h) = h + 4. Let b be g(5). Let t = -30 + b. What are the prime factors of 16/(-3)*t/14?
2
Let h(x) be the third derivative of x**5/30 + x**4/6 - 2*x**3/3 + 6*x**2. Let u be h(-3). Suppose u*k - 24 = -k. List the prime factors of k.
2
What are the prime factors of 0 + (3 + -4 - -2275) + 0?
2, 3, 379
Let o(s) = s + 2. Let i be o(-3). Let t(p) = 119*p**2 - p + 1. List the prime factors of t(i).
11
Suppose -4*y = -14 - 2, -1576 = -4*a + 5*y. List the prime factors of a.
3, 7, 19
Suppose 3*o + 29 = -91. Let r = o - -61. What are the prime factors of r?
3, 7
Suppose 2*w = 5*n - 425, 0*n - 2*w = 3*n - 255. Suppose -34 = 6*u - 136. Suppose u = d - 2*f, -8 = 5*d - 2*f - n. List the prime factors of d.
3, 5
Let k = 689 + -560. List the prime factors of k.
3, 43
Let y = 110 + -110. Let a be (-6)/(-2)*(-8)/(-6). Suppose -v + 9 + a = y. What are the prime factors of v?
13
Suppose 4*x + 5*n + 53 = 0, 2*n + 18 = x - 3*n. Let a(w) = -24*w - 31. List the prime factors of a(x).
137
Let t be 441/6 - 9/6. Suppose 0 = 3*l - 0*l + t. What are the prime factors of l/(-84) + 306/7?
2, 11
Let h(g) = 5*g**2 + 2 - 2*g + 0*g + 3*g. Let a be h(-1). List the prime factors of (9/a)/((-5)/(-40)).
2, 3
Let i = -50 + 50. Suppose -p - 1 = i, -5*m + 5*p + 179 = -191. List the prime factors of m.
73
Let g(a) be the second derivative of -a**3/6 + 7*a**2/2 - 7*a. What are the prime factors of g(4)?
3
Let n be 5/((-4338)/1086 - -4). Suppose 0 = -5*v - 0*v + n. List the prime factors of v.
181
Suppose 4*j - c - 5187 = 0, -3873 = 4*j - 7*j - 5*c. What are the prime factors of j?
2, 3
Let l = 2196 + -640. List the prime factors of l.
2, 389
Let r = -1093 + 1636. What are the prime factors of r?
3, 181
Let q(i) = 354*i + 11. What are the prime factors of q(4)?
1427
Suppose -44*y + 3 = -43*y, 0 = 2*d + 2*y - 7014. List the prime factors of d.
2, 3, 73
What are the prime factors of 521*(-235)/141*(-12)/5?
2, 521
Let m(c) = 3*c**2 - c + 3. Let d(v) = -v - 1. Let k = -17 - -13. Let h be d(k). List the prime factors of m(h).
3
Let b = -1285 + 1997. List the prime factors of b.
2, 89
Let q(k) = 440 + 16*k - 428 - 148*k - 73*k. List the prime factors of q(-1).
7, 31
Let d = -61 + 61. Suppose 4*q - 5*g + 406 = 8*q, d = q - 2*g - 108. What are the prime factors of q?
2, 13
Let u = 1602 + -1035. What are the prime factors of u?
3, 7
Let s = -875 - -1655. What are the prime factors of s?
2, 3, 5, 13
Suppose 2*w = r + 547, 513 = 3*w - 2*r - 308. List the prime factors of w.
3, 7, 13
Suppose -19 = 3*z - 1. Let m be 4/2*(-177)/z. Suppose 4*g + 3*c = m, 2*c + c - 45 = -3*g. List the prime factors of g.
2, 7
Let y(o) = 0*o - 4*o**2 - 5*o**2 + 8*o + 7*o - 8. Let f(w) = -5*w**2 + 8*w - 4. Let g(v) = 5*f(v) - 3*y(v). List the prime factors of g(5).
29
Suppose -8 + 4 = 4*i. List the prime factors of 1 - i/2*10.
2, 3
Let d = 536 - 313. Suppose 8*h = 15*h - 490. Suppose 0 = 4*v - 3*q + h - 254, -5*v + 2*q + d = 0. What are the prime factors of v?
43
Let b be (-1 - 16/(-6)) + (-1)/(-3). Suppose 87 + 61 = b*w. List the prime factors of w.
2, 37
Let f be 20/12 - 8/(-6). Suppose m + z - 164 = 0, f*m + 2*z = -0*m + 487. List the prime factors of m.
3, 53
Let x be 110/1 + (-2 - 2). Let b = -46 + x. What are the prime factors of b?
2, 3, 5
Let l = -285 - -376. What are the prime factors of l?
7, 13
Let r = 31 - 34. Let c(i) = i**3 + 5*i**2 + 3*i - 2. Let o be c(r). Suppose o*x + 0*x = 420. What are the prime factors of x?
2, 3, 5
Let t(r) = -r**3 + 4*r**2 + 3*r + 7. Let j be t(5). Let f(a) = -77*a + 8. List the prime factors of f(j).
239
Let f(l) = -l**3 + 12*l**2 - 12*l + 17. Let q be f(11). Suppose 0 = q*w - w - 165. What are the prime factors of w?
3, 11
Suppose 0*n + 9 = 3*n. Suppose -7*t - 8 = -3*t, -f = -n*t - 265. What are the prime factors of f/14 - (-6)/(-4)?
17
What are the prime factors of (-142)/(-568) - 13387/(-4)?
3347
Let c(o) = -77*o + 195. What are the prime factors of c(-5)?
2, 5, 29
What are the prime factors of (813 - 0) + 1 - 6?
2, 101
Let t = 36 - 32. Suppose z + t*q = 29, -3*z - 3*q - 132 = -6*z. What are the prime factors of z?
41
Suppose b - 2*p + 44 = 676, -4*p = 4*b - 2552. What are the prime factors of b?
2, 3, 53
Suppose -x + 9 = 2*x. Let g(r) = -r**2 + 3*r + 3. Let t be g(x). Suppose t*w = -4*j + 28, 5*w - 2*j = w + 52. List the prime factors of w.
2, 3
Let n = 5 - 11. Let w(r) = r**2 + 4*r + 9. Let v be w(n). Suppose -v = j - 2*j. List the prime factors of j.
3, 7
Let b = -32 - -34. Suppose 3*w + b*w = 0. Suppose 0*g + 3*g - 12 = 0, 4*y + 2*g - 136 = w. What are the prime factors of y?
2
Let s = 264 - 61. Suppose -5*g + s = 33. List the prime factors of g.
2, 17
Let s = 27 - 24. Suppose s*d - 92 = d. List the prime factors of d.
2, 23
Let o = -308 + 405. What are the prime factors of o?
97
Suppose -990 = -3*c + 180. What are the prime factors of c?
2, 3, 5, 13
Suppose -2*z - 4 = -24. Suppose 0 = -2*v + 102 - z. What are the prime factors of v?
2, 23
Let c = 6748 - 4210. List the prime factors of c.
2, 3, 47
Let i = -5 - -5. Let j be i*(-3 + 15/6). Suppose j = -4*k + 5*k - 56. What are the prime factors of k?
2, 7
Let n(v) = 4*v + 3. Let s be 2/(-1)*(6 + -7). Suppose 0 = -4*b - 0*t - s*t + 12, 5*b - t - 29 = 0. List the prime factors of n(b).
23
Suppose 0 = 4*x + 28 + 84. Let c be (x/2)/((-10)/15). Let t = c + -8. List the prime factors of t.
13
Suppose 4*b - 20 = -4*d, -5*d + 6*b + 65 = 3*b. List the prime factors of d.
2, 5
Let k(v) = -377*v + 81. What are the prime factors of k(-5)?
2, 983
Let n be 3/(-6)*(-1 + 1). Let i be 5/(3 + (-2 - n)). Suppose -4*w = -i*j + 134, 2*w + 9 = -3*j + 85. What are the prime factors of j?
2, 13
What are the prime factors of (-3)/27 + 7/(189/128469)?
2, 3, 13, 61
Suppose 2*y - 2387 = 3*d, 3*d - 4801 = 27*y - 31*y. List the prime factors of y.
2, 599
Let z(f) be the third derivative of f**4/12 - 7*f**3/3 - 2*f**2. Let t be z(10). Suppose -t*p + 11*p - 75 = 0. List the prime factors of p.
3, 5
Suppose -4*t + 2*p + 14794 = 0, 0 = -3*t + 5*p - 2*p + 11103. List the prime factors of t.
2, 3, 7, 11
Let l(a) = -a**3 + 29*a**2 - 3*a + 13. What are the prime factors of l(21)?
2, 37, 47
Let y(v) = -6*v + 68. Let x be y(11). List the prime factors of x*(-12)/32*-76.
3, 19
Suppose 2*a = -34 + 98. Suppose 4 = -4*k - a. List the prime factors of (-1)/(-3)*-4*k.
2, 3
Let a(l) = -l**3 + 13*l**2 + 7*l - 26. Suppose 2 = -b, 5*r - 3*b + 0*b = 66. List the prime factors of a(r).
2, 101
Let b(u) = -29*u - 12. Let v be b(5). Let j = 224 + v. List the prime factors of j.
67
Let u(b) = 17*b + 4. Let d(y) = -34*y - 8. Let p(s) = -2*d(s) - 5*u(s). Suppose -5 - 1 = 3*r. List the prime factors of p(r).
2, 3, 5
Suppose 5*w = -p + 6*p - 30, -w = 3*p - 2. Suppose -2*v + 28 = p*n, n + 14 = -4*v + 34. List the prime factors of n.
2, 3
Let x = 43 + -90. Let w = 58 - x. List the prime factors of w.
3, 5, 7
Let f(y) = -y**2 - 7*y + 27. Suppose 0 = 5*k - 7 - 8, -4*n - 3*k - 23 = 0. List the prime factors of f(n).
19
Suppose 0 = 16*g - 29006 + 9742. What are the prime factors of g?
2, 7, 43
Let n = 31 - 29. Suppose -3*a = -5*c + 929, n*c = -0*c - 2*a + 378. What are the prime factors of c?
11, 17
Let w = -1 - -7. Let r = w + 7. Suppose -p = -r - 14. What are the prime factors of p?
3
Let w be (-102)/(-16) + (-18)/48. Suppose w = 6*o - 0. Let v = 2 + o. What are the prime factors of v?
3
Let n be (-6)/10 - (-297)/(-55). Let l = 142 + n. What are the prime factors of l?
2, 17
Let k(f) = 2*f + 7. Let u be k(-4). Suppose 0 = 3*v + v + 1420. What are the prime factors of v/(-20) + u/(-4)?
2, 3
Let q(h) = 4*h**2 - 3*h - 20. Let k be q(-11). List the prime factors of (-10)/(-2)*k/35.
71
Let d(s) be the first derivative of s**4/4 + s**3/6 - s**2 - 1. Let q(j) be the second derivative of d(j). What are the prime factors of q(5)?
31
Let c be (-3)/((-5)/((-210)/9)). Let r(w) = w**3 + 15*w**2 + 13*w - 18. Let p be r(c). What are the prime factors of (-54)/p - 15/(-10)?
3, 5
Suppose -10 = -2*g + r + r, 2*r = 4*g - 18. Let m be g/((-8)/(-2)) - 0. Suppose -3*h + m = -5. What are the prime factors of h?
2
